 z + n. What is the tens digit of h?
3
Let c(k) = -45*k - 54. What is the tens digit of c(-9)?
5
Let q(y) = 2*y**2 + 12*y + 2*y**2 + 2 - 13*y - 1. Let v be q(1). Suppose 41 = -v*u + 97. What is the tens digit of u?
1
Suppose 2488 = 3*j - 2*d, -4*j + 1554 = -3*d - 1762. What is the tens digit of j?
3
Let d(l) = l - 10. Let b be d(10). Let i(x) = 40*x**2 + 2*x - 4*x + x + b*x + 2. What is the tens digit of i(1)?
4
Suppose f + 4*f = -3*q + 664, 0 = 5*q + 2*f - 1113. What is the tens digit of q?
2
Let k(o) = 9*o - 5. Let i be k(-6). Let y = i - -117. What is the units digit of y?
8
What is the tens digit of 6*44 - (-9 + 6)?
6
Let b(d) = -5 - 9 + 3*d - 6 - d + d**2. Let z be b(0). Let s = 36 + z. What is the units digit of s?
6
Let x(t) = 7*t - 1. Let h be x(1). Suppose -4*f + 46 = 2*i, 2*i + f = h*i - 101. What is the units digit of i?
5
Let r(f) = 2*f**2 + 2*f - 38. Let v be r(-14). Let d = v + -194. What is the tens digit of d?
3
Suppose -4*u - 8718 = -5*c, 6 = -43*u + 45*u. What is the tens digit of c?
4
Suppose -8*q = -243 - 133. What is the tens digit of q?
4
Let m(z) = -z**2 - 16*z - 24. Let w be m(-14). Suppose -w*k - 88 = -5*k. What is the units digit of k?
8
Suppose t = -5*l - 68, -2*l - 4*t = 9 + 11. Let f = -10 - l. What is the units digit of f?
4
What is the tens digit of 6124580/1025 + (-8)/(-10)?
7
Suppose -c + 76 = -k + 4*c, 434 = -5*k - 2*c. What is the units digit of -4 - (3/(-1) - (-4 - k))?
1
Let s be (-30)/135 - 164/(-9). Let j = 24 - s. What is the units digit of j?
6
Let d be (9/(-1))/(3/2). What is the units digit of d + 48/9 + (-515)/(-3)?
1
Let r(f) = 6*f**2 + 20*f - 255. What is the units digit of r(-29)?
1
Let q(x) = 10*x**2 + 6*x + 78. What is the hundreds digit of q(-6)?
4
Suppose 180 + 215 = y + 5*i, 0 = 3*y + i - 1143. What is the tens digit of y?
8
Suppose 0 = -2*d + 4, 5*f - 4*d - 108 - 69 = 0. Suppose -4*m = -3*l + 19, 5*l + 2*m - 68 - 7 = 0. Let s = f - l. What is the units digit of s?
4
Let x be 3 - (6 + -4 + -3). Let n be 18/x*22/33. Suppose -b + 240 = n*b. What is the units digit of b?
0
Let r(d) = 79*d**2 + 49*d + 9. What is the thousands digit of r(-4)?
1
Let r(y) = -191*y - 22. What is the units digit of r(-4)?
2
Let i(z) = z**3 - 14*z**2 + 13*z + 2. Let f be 75/(-50)*8/(-6). Suppose -f = -j + 11. What is the units digit of i(j)?
2
Let q be ((-4)/(-12))/((-4)/(-24)). Suppose -4*p = -q*x - 8*p + 226, p = 5. What is the hundreds digit of x?
1
Let q(r) = r**3 + 9*r**2 - r - 12. Let w be q(-9). Let x(a) = a**3 + 5*a**2 + a. What is the units digit of x(w)?
5
Let c = 8170 + -5719. What is the hundreds digit of c?
4
Suppose -4*p - 13*p + 29495 = 0. Suppose 0 = -7*m + 225 + p. What is the hundreds digit of m?
2
Let h = -17 + 17. Let u be (h/(-2))/((-2)/(-2)). Suppose u = a - 5 - 0. What is the units digit of a?
5
Suppose -4*i = 2*u - 638, 5*i = -9*u + 5*u + 1279. What is the tens digit of u?
2
Let h = 30 + -23. Let z = h - 7. What is the units digit of z/(-2 - -4) - -62?
2
Suppose 3*m + 2*m = 10. Suppose m*v - 17 + 1 = 0. What is the units digit of ((-54)/4)/((-6)/v)?
8
Suppose 0 = -u - 5*a + 546, 26*a - 2109 = -4*u + 21*a. What is the hundreds digit of u?
5
Let g be 198 + 2*1/(-1). Suppose u = 4*s - 255, -u + g = 3*s + 3*u. What is the tens digit of s?
6
Let k(q) = -7*q - 3. Let c(h) be the first derivative of -h**3/3 + 3*h**2 - 2*h + 1. Let t be c(6). What is the units digit of k(t)?
1
Suppose -8*h - 12 = -12*h. Suppose 0*m + 3*m + h*u = 129, 5*m + 4*u - 212 = 0. What is the units digit of m?
0
Let q = -1 + 4. Suppose 0 = 3*n - w + q, -w + 3 + 0 = -4*n. Suppose -9 = -3*b + 4*k + 8, n = -4*b - 4*k + 32. What is the units digit of b?
7
Let z = 17 - 29. Let x = 3 + z. Let j = x + 16. What is the units digit of j?
7
Let v = -2038 + 3819. What is the thousands digit of v?
1
Let y(g) = -8*g + 7. Let h(w) = -2*w**2 + 3*w - 5. Let f be h(2). Let o be 1/(-1)*(1 - f). What is the tens digit of y(o)?
7
Suppose 5*s = -2*d + 8547, -21*s + 18*s = d - 4274. What is the thousands digit of d?
4
Let t be -8 + 6 - (-1 - 3). Let s(d) = 3*d - 6 + 7*d**2 - t - d**3 - d. What is the units digit of s(6)?
0
Suppose 2466 = 4*v + 2*f, -5*v + 4*f - f = -3077. What is the units digit of v?
6
Let q(d) = 2*d**2 + 27*d + 1. Let n be q(-16). Let y = n + -20. What is the tens digit of y?
6
Let k be (0 + 10/(-6))/((-8)/(-24)). Let p(z) = -z**3 - 3*z**2 - 5*z - 1. What is the tens digit of p(k)?
7
Suppose -74*s + 1650 = -68*s. What is the hundreds digit of s?
2
Suppose -3 + 1 = 2*i. Let h(x) = 131*x**2 - 1. What is the units digit of h(i)?
0
Let s = 1567 - 1073. What is the tens digit of s?
9
Suppose -170 = -4*z - 22. What is the units digit of z?
7
Let p = 11 - 1. Let x(v) = 2*v + 10. Let c be x(p). Suppose -3*d + 5*z + 45 = 0, 5*z + 0*z + c = 2*d. What is the units digit of d?
5
Suppose 9*g = 4*g - 175. Let z = -17 - g. Let k = z - 16. What is the units digit of k?
2
Suppose -7*d = -428 - 223. Suppose 4*w = -v + 180, -4*w + d = -4*v - 67. What is the units digit of w?
4
Suppose z - 701 = -3*d, 3*d = 2*z - 0*z + 686. Let t = d - 155. What is the units digit of t?
7
Suppose 22*j = 17*j + 8120. What is the units digit of j?
4
Suppose -18 = -3*q + 5*c - 4, 2*q = c + 7. Suppose 4*m = m - q*u + 78, 2*m + 4*u - 42 = 0. What is the units digit of m?
1
Let y be (-7)/((-35)/10) + -1*1. What is the units digit of (y + 24/30)*165?
7
What is the units digit of 124/3*((-175)/(-10) + -10)?
0
Let i(l) = -l**3 + l**2 + 6*l - 1. Let u be ((-3)/(-1))/((-3)/(-4)). Let q be i(u). What is the tens digit of q*((-36)/(-10) + -4)?
1
Let m(g) = g**3 + 4*g**2 + 4*g + 6. Let k be m(-4). Let y(j) = j**3 + 6*j**2 + 4*j + 1. Let p be y(-5). What is the units digit of 22/p + k/15?
3
What is the hundreds digit of (-5*(-618)/(-12))/((-2)/4)?
5
Let f be 3/18 + 2/(-12). What is the hundreds digit of (-355)/10*-4 - f?
1
Let h(f) = f**3 + 11*f**2 - 16*f + 16. Suppose -2*l - 51 = 11. Let i = -43 - l. What is the tens digit of h(i)?
6
Suppose 0 = 9*g - 6549 - 534. What is the units digit of g?
7
Let q(s) = -s**3 + 56*s**2 - 113*s - 285. What is the thousands digit of q(53)?
2
Suppose 821 = 3*c - 1345. What is the hundreds digit of c?
7
Let g = -1113 + 1285. What is the units digit of g?
2
Suppose 35*u - 33*u - 1810 = 0. What is the hundreds digit of u?
9
Let q = 68 - -79. What is the tens digit of q?
4
Let r(q) = 14*q - 34. What is the units digit of r(18)?
8
Suppose 20*h - 76043 = -14523. What is the hundreds digit of h?
0
Let r = 49 - 44. Suppose -r*v = -p - 393, 3 = -3*v - 4*p + 225. What is the tens digit of v?
7
Suppose -3*d + 4042 = -2*r, -1491 - 1177 = -2*d - 4*r. What is the thousands digit of d?
1
Let h = -1057 + 1833. What is the hundreds digit of h?
7
Suppose 29*y - 88*y + 144078 = 0. What is the units digit of y?
2
Let r be 10/(-45) + (-364)/(-18). Let i be 5/(r/(-8)) - -16. Let z = 26 - i. What is the units digit of z?
2
Let k be 62 - (-2 - (2 - 2)). What is the tens digit of -1 - (k + -1)/(-3)?
2
Let k = -29 + 30. Let b be (-4 - -7 - 1)/k. Suppose 0 = b*z + 35 - 155. What is the tens digit of z?
6
Let t = 0 + 19. Let j(u) = 7*u + 28. What is the tens digit of j(t)?
6
Suppose -5*n + 20 = 0, -9*u = -10*u + 3*n + 273. What is the hundreds digit of u?
2
Let f be 1/6*2*0. Suppose 0 = i - 4*n + 3, -2*i + 2*n + n - 1 = f. Suppose d + 0 - i = 0. What is the units digit of d?
1
What is the tens digit of (0 + 0 - 2) + (29 - -186)?
1
Let j = -27 + 562. What is the hundreds digit of j?
5
Suppose 3*w = 3*x + 1620, 3*x = 2*x - 5*w - 522. What is the units digit of (-30)/(-50) + x/(-5)?
8
Let a(c) = -14*c - 11. What is the units digit of a(-31)?
3
Let o = 34 - 29. Suppose 4 - 9 = -o*s. What is the units digit of s?
1
Let f be (0/(-4))/(-2 + 0). Let c be 1 + (50 - f)/2. Suppose -3*x + c = -2*x. What is the units digit of x?
6
What is the units digit of ((-6567)/55)/(4/(-20))?
7
Let h(d) = -2*d - 23. Suppose 0 = -4*g - 4, 2*w - 4*g - g = -15. Let u be h(w). What is the tens digit of u + -1 + 126/7?
1
Let j(w) = w**2 - 1. Let n(s) = s**3 - 5*s**2 + 6. Let f(r) = r**2 - 1. Let v(q) = -2*f(q) - n(q). Let p be v(3). What is the units digit of j(p)?
5
Let x = 43 + -40. Suppose -5*p - m + 185 = 4*m, 3*p = x*m + 129. What is the tens digit of p?
4
Suppose -s = 4*g - 13, -s = -g - 0 + 2. Su